{"id":657,"date":"2026-01-14T01:17:58","date_gmt":"2026-01-14T01:17:58","guid":{"rendered":"https:\/\/queridoaguacate.com\/?page_id=657"},"modified":"2026-01-21T05:14:04","modified_gmt":"2026-01-21T05:14:04","slug":"invitame-pero-bien-juego","status":"publish","type":"page","link":"https:\/\/queridoaguacate.com\/index.php\/invitame-pero-bien-juego\/","title":{"rendered":"Invitame pero bien &#8211; Juego"},"content":{"rendered":"<p>[et_pb_section fb_built=\u00bb1&#8243; admin_label=\u00bbFeature\u00bb _builder_version=\u00bb4.9.7&#8243; background_color=\u00bb#f0dcb9&#8243; background_enable_image=\u00bboff\u00bb background_size=\u00bbinitial\u00bb min_height=\u00bb589.4px\u00bb custom_margin=\u00bb||-11px|||\u00bb custom_padding=\u00bb38px||5px|||\u00bb][et_pb_row column_structure=\u00bb2_5,3_5&#8243; _builder_version=\u00bb4.9.7&#8243; min_height=\u00bb497.8px\u00bb custom_margin=\u00bb|||\u00bb custom_padding=\u00bb||42px|||\u00bb animation_style=\u00bbfade\u00bb][et_pb_column type=\u00bb2_5&#8243; _builder_version=\u00bb3.25&#8243; custom_padding=\u00bb|||\u00bb custom_padding__hover=\u00bb|||\u00bb][et_pb_text _builder_version=\u00bb4.9.7&#8243; text_font=\u00bb||||||||\u00bb text_text_color=\u00bb#FFFFFF\u00bb header_font=\u00bb||||||||\u00bb header_text_color=\u00bb#262f71&#8243; header_2_font=\u00bbFredoka One||||||||\u00bb header_2_text_color=\u00bb#262f71&#8243; header_2_font_size=\u00bb46px\u00bb header_2_line_height=\u00bb1.3em\u00bb custom_margin=\u00bb||-4px|||\u00bb custom_padding=\u00bb||4px|||\u00bb animation_style=\u00bbslide\u00bb animation_direction=\u00bbtop\u00bb animation_intensity_slide=\u00bb5%\u00bb animation_starting_opacity=\u00bb100%\u00bb]<\/p>\n<h2 style=\"text-align: center;\"><span style=\"font-weight: 400; color: #000000;\">Menos \u201c\u00bfqu\u00e9 hacemos?\u201d, <br \/>m\u00e1s citas.<\/span><\/h2>\n<p>[\/et_pb_text][et_pb_text _builder_version=\u00bb4.9.7&#8243; text_font=\u00bbNunito||||||||\u00bb text_font_size=\u00bb18px\u00bb text_line_height=\u00bb1.8em\u00bb min_height=\u00bb58px\u00bb animation_style=\u00bbslide\u00bb animation_direction=\u00bbtop\u00bb animation_intensity_slide=\u00bb5%\u00bb animation_starting_opacity=\u00bb100%\u00bb]<\/p>\n<p style=\"text-align: center;\"><span style=\"color: #000000;\">Un detalle pensado para invitarse a salir, sorprenderse y compartir algo solo de ustedes.<\/span><\/p>\n<p style=\"text-align: center;\"><span><\/span><\/p>\n<p>[\/et_pb_text][et_pb_button button_url=\u00bbhttps:\/\/a.co\/d\/bAt45zQ\u00bb button_text=\u00bbComprar\u00bb button_alignment=\u00bbcenter\u00bb module_id=\u00bbbotoncompra1&#8243; _builder_version=\u00bb4.9.7&#8243; _module_preset=\u00bbdefault\u00bb custom_button=\u00bbon\u00bb button_text_size=\u00bb20px\u00bb button_text_color=\u00bb#FFFFFF\u00bb button_bg_color=\u00bb#C88BDA\u00bb button_border_width=\u00bb0px\u00bb button_border_radius=\u00bb22px\u00bb button_use_icon=\u00bboff\u00bb][\/et_pb_button][\/et_pb_column][et_pb_column type=\u00bb3_5&#8243; _builder_version=\u00bb4.8.1&#8243; _module_preset=\u00bbdefault\u00bb][et_pb_image src=\u00bbhttp:\/\/queridoaguacate.com\/wp-content\/uploads\/2026\/01\/inivitem.png\u00bb alt=\u00bbinvitame juego\u00bb title_text=\u00bbinvitame_juego\u00bb align_tablet=\u00bbcenter\u00bb align_phone=\u00bb\u00bb align_last_edited=\u00bbon|desktop\u00bb _builder_version=\u00bb4.9.7&#8243; custom_margin=\u00bb|0px|30px|0px|false|true\u00bb animation_style=\u00bbfade\u00bb][\/et_pb_image][\/et_pb_column][\/et_pb_row][\/et_pb_section][et_pb_section fb_built=\u00bb1&#8243; fullwidth=\u00bbon\u00bb next_background_color=\u00bb#8ad8ff\u00bb admin_label=\u00bbHero\u00bb _builder_version=\u00bb4.9.7&#8243; background_color=\u00bb#f0dcb9&#8243; background_color_gradient_direction=\u00bb165deg\u00bb background_enable_image=\u00bboff\u00bb custom_margin=\u00bb-14px||-64px|||\u00bb custom_padding=\u00bb0px|||||\u00bb bottom_divider_style=\u00bbwave2&#8243; bottom_divider_height=\u00bb150px\u00bb bottom_divider_flip=\u00bbhorizontal\u00bb][\/et_pb_section][et_pb_section fb_built=\u00bb1&#8243; admin_label=\u00bbFeature\u00bb _builder_version=\u00bb4.9.7&#8243; background_color=\u00bb#8ad8ff\u00bb background_enable_image=\u00bboff\u00bb background_size=\u00bbinitial\u00bb custom_margin=\u00bb19px|||||\u00bb custom_padding=\u00bb1px||2px|||\u00bb][et_pb_row column_structure=\u00bb1_2,1_2&#8243; _builder_version=\u00bb3.25&#8243; custom_margin=\u00bb|||\u00bb custom_padding=\u00bb72px|||||\u00bb animation_style=\u00bbfade\u00bb][et_pb_column type=\u00bb1_2&#8243; _builder_version=\u00bb3.25&#8243; custom_padding=\u00bb|||\u00bb custom_padding__hover=\u00bb|||\u00bb][et_pb_image src=\u00bbhttp:\/\/queridoaguacate.com\/wp-content\/uploads\/2026\/01\/tarjeta.png\u00bb title_text=\u00bbtarjeta\u00bb align_tablet=\u00bbcenter\u00bb align_phone=\u00bb\u00bb align_last_edited=\u00bbon|desktop\u00bb _builder_version=\u00bb4.9.7&#8243; custom_margin=\u00bb|0px||0px|false|true\u00bb animation_style=\u00bbfade\u00bb][\/et_pb_image][\/et_pb_column][et_pb_column type=\u00bb1_2&#8243; _builder_version=\u00bb3.25&#8243; custom_padding=\u00bb7%|||\u00bb custom_padding__hover=\u00bb|||\u00bb][et_pb_text _builder_version=\u00bb4.8.1&#8243; text_font=\u00bb||||||||\u00bb header_font=\u00bb||||||||\u00bb header_text_color=\u00bb#262f71&#8243; header_2_font=\u00bbFredoka One||||||||\u00bb header_2_text_color=\u00bb#262f71&#8243; header_2_font_size=\u00bb46px\u00bb header_2_line_height=\u00bb1.3em\u00bb custom_margin=\u00bb||-3px|||\u00bb custom_padding=\u00bb||0px|||\u00bb animation_style=\u00bbslide\u00bb animation_direction=\u00bbtop\u00bb animation_intensity_slide=\u00bb5%\u00bb animation_starting_opacity=\u00bb100%\u00bb]<\/p>\n<h2 style=\"text-align: center;\">Inv\u00edtame Pero Bien<\/h2>\n<p>[\/et_pb_text][et_pb_divider color=\u00bb#88d4f2&#8243; divider_weight=\u00bb4px\u00bb _builder_version=\u00bb3.2&#8243; max_width=\u00bb60px\u00bb max_width_tablet=\u00bb14%\u00bb max_width_last_edited=\u00bboff|desktop\u00bb module_alignment=\u00bbcenter\u00bb height=\u00bb4px\u00bb animation_style=\u00bbslide\u00bb animation_direction=\u00bbtop\u00bb animation_intensity_slide=\u00bb5%\u00bb animation_starting_opacity=\u00bb100%\u00bb][\/et_pb_divider][et_pb_text _builder_version=\u00bb4.9.7&#8243; text_font=\u00bbFredoka One||||||||\u00bb text_text_color=\u00bb#0c71c3&#8243; text_font_size=\u00bb16px\u00bb text_line_height=\u00bb1.8em\u00bb animation_style=\u00bbslide\u00bb animation_direction=\u00bbtop\u00bb animation_intensity_slide=\u00bb5%\u00bb animation_starting_opacity=\u00bb100%\u00bb]<\/p>\n<p style=\"text-align: center;\">Un detalle rom\u00e1ntico que se convierte en experiencia.<\/p>\n<div style=\"all: initial;\" class=\"notranslate\"><\/div>\n<p>[\/et_pb_text][et_pb_text _builder_version=\u00bb4.9.7&#8243; text_font=\u00bbNunito||||||||\u00bb text_font_size=\u00bb18px\u00bb text_line_height=\u00bb1.8em\u00bb animation_style=\u00bbslide\u00bb animation_direction=\u00bbtop\u00bb animation_intensity_slide=\u00bb5%\u00bb animation_starting_opacity=\u00bb100%\u00bb]<\/p>\n<p data-start=\"683\" data-end=\"860\">Un juego de cartas para parejas dise\u00f1ado para invitarse a salir, probar cosas nuevas y romper la rutina sin discusiones ni vueltas eternas.<\/p>\n<p data-start=\"862\" data-end=\"978\">Cada tarjeta es una invitaci\u00f3n sorpresa: una vez que la rascas, <strong data-start=\"926\" data-end=\"949\">no hay marcha atr\u00e1s<\/strong>.<br data-start=\"950\" data-end=\"953\" \/>Solo queda vivir la cita.<\/p>\n<p>[\/et_pb_text][\/et_pb_column][\/et_pb_row][\/et_pb_section][et_pb_section fb_built=\u00bb1&#8243; prev_background_color=\u00bb#8ad8ff\u00bb admin_label=\u00bbFeatures\u00bb _builder_version=\u00bb4.9.7&#8243; background_color=\u00bb#f2d4c9&#8243; background_enable_image=\u00bboff\u00bb background_blend=\u00bboverlay\u00bb custom_margin=\u00bb||-164px|||\u00bb custom_padding=\u00bb101px||1px|2px||\u00bb top_divider_style=\u00bbwave2&#8243; top_divider_height=\u00bb150px\u00bb top_divider_flip=\u00bbhorizontal\u00bb locked=\u00bboff\u00bb][et_pb_row custom_padding_last_edited=\u00bboff|desktop\u00bb _builder_version=\u00bb3.25&#8243; custom_margin=\u00bb|||\u00bb custom_padding=\u00bb|||\u00bb animation_style=\u00bbfade\u00bb][et_pb_column type=\u00bb4_4&#8243; _builder_version=\u00bb3.25&#8243; custom_padding=\u00bb|||\u00bb custom_padding__hover=\u00bb|||\u00bb][et_pb_text _builder_version=\u00bb4.8.1&#8243; text_font=\u00bb||||||||\u00bb text_text_color=\u00bbRGBA(0,0,0,0)\u00bb header_font=\u00bb||||||||\u00bb header_line_height=\u00bb0em\u00bb header_2_font=\u00bbFredoka One||||||||\u00bb header_2_text_align=\u00bbcenter\u00bb header_2_font_size=\u00bb46px\u00bb header_2_line_height=\u00bb1.3em\u00bb background_layout=\u00bbdark\u00bb max_width=\u00bb700px\u00bb module_alignment=\u00bbcenter\u00bb custom_margin=\u00bb|||\u00bb animation_style=\u00bbslide\u00bb animation_direction=\u00bbtop\u00bb animation_intensity_slide=\u00bb5%\u00bb animation_starting_opacity=\u00bb100%\u00bb]<\/p>\n<h2><span style=\"color: #000080;\">\u00bfQu\u00e9 contiene?<\/span><\/h2>\n<p>[\/et_pb_text][et_pb_divider color=\u00bb#ffb9cc\u00bb divider_weight=\u00bb4px\u00bb _builder_version=\u00bb3.2&#8243; max_width=\u00bb60px\u00bb max_width_tablet=\u00bb14%\u00bb max_width_last_edited=\u00bboff|desktop\u00bb module_alignment=\u00bbcenter\u00bb height=\u00bb4px\u00bb animation_style=\u00bbslide\u00bb animation_direction=\u00bbtop\u00bb animation_intensity_slide=\u00bb5%\u00bb animation_starting_opacity=\u00bb100%\u00bb][\/et_pb_divider][\/et_pb_column][\/et_pb_row][et_pb_row _builder_version=\u00bb4.9.7&#8243; width=\u00bb100%\u00bb max_width=\u00bb900px\u00bb custom_margin=\u00bb30px|||\u00bb][et_pb_column type=\u00bb4_4&#8243; _builder_version=\u00bb3.25&#8243; custom_padding=\u00bb|||\u00bb custom_padding__hover=\u00bb|||\u00bb][et_pb_blurb image=\u00bbhttp:\/\/queridoaguacate.com\/wp-content\/uploads\/2026\/01\/juego.png\u00bb content_max_width=\u00bb800px\u00bb _builder_version=\u00bb4.9.7&#8243; header_font=\u00bbFredoka One||||||||\u00bb header_text_color=\u00bb#000000&#8243; header_font_size=\u00bb22px\u00bb header_line_height=\u00bb1.3em\u00bb body_font=\u00bbNunito||||||||\u00bb body_text_color=\u00bb#565656&#8243; body_font_size=\u00bb16px\u00bb body_line_height=\u00bb1.8em\u00bb background_color=\u00bbRGBA(0,0,0,0)\u00bb background_enable_image=\u00bboff\u00bb text_orientation=\u00bbcenter\u00bb background_layout=\u00bbdark\u00bb width=\u00bb100%\u00bb min_height=\u00bb528px\u00bb custom_margin=\u00bb|0px||0px|false|false\u00bb custom_padding=\u00bb|5px|21px|5px|false|false\u00bb animation_style=\u00bbfade\u00bb animation=\u00bboff\u00bb border_color_all_image=\u00bb#ffffff\u00bb box_shadow_style=\u00bbpreset1&#8243; box_shadow_style_image=\u00bbpreset1&#8243; box_shadow_color_image=\u00bbrgba(102,175,204,0.35)\u00bb]<\/p>\n<p data-start=\"1006\" data-end=\"1105\"><strong data-start=\"1006\" data-end=\"1050\">52 tarjetas para rascar con citas \u00fanicas<\/strong>, pensadas para un a\u00f1o completo de experiencias juntos.<\/p>\n<p data-start=\"1107\" data-end=\"1161\">Las citas est\u00e1n organizadas en diferentes tipos, como:<\/p>\n<p data-start=\"1164\" data-end=\"1184\">Actividades de d\u00eda<\/p>\n<p data-start=\"1187\" data-end=\"1203\">Citas de noche<\/p>\n<p data-start=\"1206\" data-end=\"1222\">Planes en casa<\/p>\n<p data-start=\"1225\" data-end=\"1248\">Salidas al aire libre<\/p>\n<p data-start=\"1250\" data-end=\"1402\">Cada tarjeta incluye informaci\u00f3n \u00fatil como <strong data-start=\"1293\" data-end=\"1345\">tiempo aproximado, presupuesto y recomendaciones<\/strong>, para que sepan si es el momento perfecto para rasparla.<\/p>\n<p data-start=\"1404\" data-end=\"1470\">Adem\u00e1s, incluye un <strong data-start=\"1423\" data-end=\"1444\">rascador especial<\/strong> para descubrir cada cita.<\/p>\n<p>[\/et_pb_blurb][\/et_pb_column][\/et_pb_row][et_pb_row _builder_version=\u00bb4.8.1&#8243; width=\u00bb100%\u00bb max_width=\u00bb900px\u00bb module_alignment=\u00bbcenter\u00bb custom_margin=\u00bb30px|||\u00bb][et_pb_column type=\u00bb4_4&#8243; _builder_version=\u00bb3.25&#8243; custom_padding=\u00bb|||\u00bb custom_padding__hover=\u00bb|||\u00bb][et_pb_blurb image=\u00bbhttp:\/\/queridoaguacate.com\/wp-content\/uploads\/2026\/01\/rascarr.png\u00bb content_max_width=\u00bb800px\u00bb _builder_version=\u00bb4.9.7&#8243; header_font=\u00bbFredoka One||||||||\u00bb header_text_color=\u00bb#000000&#8243; header_font_size=\u00bb22px\u00bb header_line_height=\u00bb1.3em\u00bb body_font=\u00bbNunito||||||||\u00bb body_text_color=\u00bb#565656&#8243; body_font_size=\u00bb16px\u00bb body_line_height=\u00bb1.8em\u00bb background_enable_color=\u00bboff\u00bb background_enable_image=\u00bboff\u00bb text_orientation=\u00bbcenter\u00bb background_layout=\u00bbdark\u00bb width=\u00bb100%\u00bb min_height=\u00bb528px\u00bb custom_margin=\u00bb|0px||0px|false|false\u00bb custom_padding=\u00bb|5px|21px|5px|false|false\u00bb animation_style=\u00bbfade\u00bb animation=\u00bboff\u00bb border_color_all_image=\u00bb#ffffff\u00bb box_shadow_style=\u00bbpreset1&#8243; box_shadow_style_image=\u00bbpreset1&#8243; box_shadow_color_image=\u00bbrgba(102,175,204,0.35)\u00bb]<\/p>\n<h2><span style=\"color: #000000;\">\u00bfC\u00f3mo se juega?<\/span><\/h2>\n<p data-start=\"1499\" data-end=\"1648\">Elijan una tarjeta que se adapte a su mood, r\u00e1spenla y sigan la invitaci\u00f3n que aparece.<br data-start=\"1599\" data-end=\"1602\" \/>Una vez revelada la cita, <strong data-start=\"1628\" data-end=\"1647\">se hace s\u00ed o s\u00ed<\/strong>.<\/p>\n<p data-start=\"1650\" data-end=\"1772\">No se puede cambiar de tarjeta, no se puede echar para atr\u00e1s.<br data-start=\"1711\" data-end=\"1714\" \/>La idea es confiar en el juego y abrirse a la experiencia.<\/p>\n<p>[\/et_pb_blurb][\/et_pb_column][\/et_pb_row][\/et_pb_section][et_pb_section fb_built=\u00bb1&#8243; prev_background_color=\u00bb#f2d4c9&#8243; admin_label=\u00bbTestimonial\u00bb module_id=\u00bbdiario\u00bb _builder_version=\u00bb4.9.7&#8243; background_color=\u00bb#fd9da0&#8243; background_enable_image=\u00bboff\u00bb min_height=\u00bb563.6px\u00bb custom_margin=\u00bb160px|||||\u00bb custom_padding=\u00bb171px||2px|||\u00bb top_divider_style=\u00bbwave\u00bb top_divider_height=\u00bb150px\u00bb bottom_divider_height=\u00bb50px\u00bb][et_pb_row column_structure=\u00bb1_2,1_2&#8243; _builder_version=\u00bb3.25&#8243; custom_padding=\u00bb62px||113px|||\u00bb][et_pb_column type=\u00bb1_2&#8243; _builder_version=\u00bb3.25&#8243; custom_padding=\u00bb|||\u00bb custom_padding__hover=\u00bb|||\u00bb][et_pb_image src=\u00bbhttp:\/\/queridoaguacate.com\/wp-content\/uploads\/2026\/01\/invitame.png\u00bb title_text=\u00bbinvitame\u00bb _builder_version=\u00bb4.9.7&#8243; _module_preset=\u00bbdefault\u00bb custom_margin=\u00bb||-27px|||\u00bb][\/et_pb_image][\/et_pb_column][et_pb_column type=\u00bb1_2&#8243; _builder_version=\u00bb3.25&#8243; custom_padding=\u00bb|||\u00bb custom_padding__hover=\u00bb|||\u00bb][et_pb_text _builder_version=\u00bb4.9.7&#8243; _module_preset=\u00bbdefault\u00bb]<\/p>\n<h1>Juego de cartas para parejas: Inv\u00edtame pero bien<\/h1>\n<p>Disponible<\/p>\n<p>[\/et_pb_text][et_pb_text _builder_version=\u00bb4.9.7&#8243; _module_preset=\u00bbdefault\u00bb min_height=\u00bb142px\u00bb custom_margin=\u00bb||-6px|||\u00bb custom_padding=\u00bb||1px|0px||\u00bb]<\/p>\n<p style=\"text-align: center;\"><span><img decoding=\"async\" draggable=\"false\" role=\"img\" class=\"emoji\" alt=\"\ud83d\udd12\" src=\"https:\/\/s.w.org\/images\/core\/emoji\/13.0.1\/svg\/1f512.svg\" style=\"display: block; margin-left: auto; margin-right: auto;\" \/>\u00a0 \u00a0Compra Protegida\u00a0<\/span><span><\/span><\/p>\n<p style=\"text-align: center;\"><img decoding=\"async\" draggable=\"false\" role=\"img\" class=\"emoji\" alt=\"\u26a1\" src=\"https:\/\/s.w.org\/images\/core\/emoji\/13.0.1\/svg\/26a1.svg\" \/><span>\u00a0<\/span>Env\u00edo r\u00e1pido y sin costo a todo M\u00e9xico.<\/p>\n<h1 style=\"text-align: center;\"><span style=\"color: #808080;\"><strong><\/strong><\/span><span style=\"color: #000000;\"><strong>$430<\/strong><\/span><span style=\"text-decoration: line-through;\"><span style=\"color: #808080;\"><strong><br \/><\/strong><\/span><\/span><\/h1>\n<p style=\"text-align: center;\">\n<p>[\/et_pb_text][et_pb_button button_url=\u00bbhttps:\/\/www.mercadolibre.com.mx\/52-tarjetas-idea-citas-regalo-romantico-invitame-pero-bien\/up\/MLMU2955684263&#8243; button_text=\u00bbComprar en Mercado Libre\u00bb button_alignment=\u00bbcenter\u00bb module_id=\u00bbbotoncompra2&#8243; module_class=\u00bbbotonc2&#8243; _builder_version=\u00bb4.9.7&#8243; custom_button=\u00bbon\u00bb button_text_size=\u00bb14px\u00bb button_text_color=\u00bb#ffffff\u00bb button_bg_color=\u00bb#38479b\u00bb button_border_width=\u00bb0px\u00bb button_border_radius=\u00bb80px\u00bb button_font=\u00bbNunito|700||on|||||\u00bb button_use_icon=\u00bboff\u00bb custom_margin=\u00bb26px|||||\u00bb custom_margin_tablet=\u00bb0px|||\u00bb custom_margin_last_edited=\u00bboff|desktop\u00bb custom_padding=\u00bb8px|24px|14px|24px||\u00bb animation_style=\u00bbfade\u00bb button_text_size__hover_enabled=\u00bboff\u00bb button_one_text_size__hover_enabled=\u00bboff\u00bb button_two_text_size__hover_enabled=\u00bboff\u00bb button_text_color__hover_enabled=\u00bboff\u00bb button_one_text_color__hover_enabled=\u00bboff\u00bb button_two_text_color__hover_enabled=\u00bboff\u00bb button_border_width__hover_enabled=\u00bboff\u00bb button_one_border_width__hover_enabled=\u00bboff\u00bb button_two_border_width__hover_enabled=\u00bboff\u00bb button_border_color__hover_enabled=\u00bboff\u00bb button_one_border_color__hover_enabled=\u00bboff\u00bb button_two_border_color__hover_enabled=\u00bboff\u00bb button_border_radius__hover_enabled=\u00bboff\u00bb button_one_border_radius__hover_enabled=\u00bboff\u00bb button_two_border_radius__hover_enabled=\u00bboff\u00bb button_letter_spacing__hover_enabled=\u00bboff\u00bb button_one_letter_spacing__hover_enabled=\u00bboff\u00bb button_two_letter_spacing__hover_enabled=\u00bboff\u00bb button_bg_color__hover_enabled=\u00bboff\u00bb button_one_bg_color__hover_enabled=\u00bboff\u00bb button_two_bg_color__hover_enabled=\u00bboff\u00bb][\/et_pb_button][et_pb_button button_url=\u00bbhttps:\/\/a.co\/d\/bAt45zQ\u00bb button_text=\u00bbComprar en Amazon\u00bb button_alignment=\u00bbcenter\u00bb module_id=\u00bbbotoncompra2&#8243; module_class=\u00bbbotonc2&#8243; _builder_version=\u00bb4.9.7&#8243; custom_button=\u00bbon\u00bb button_text_size=\u00bb14px\u00bb button_text_color=\u00bb#FFFFFF\u00bb button_bg_color=\u00bb#E09900&#8243; button_border_width=\u00bb0px\u00bb button_border_radius=\u00bb80px\u00bb button_font=\u00bbNunito|700||on|||||\u00bb button_use_icon=\u00bboff\u00bb custom_margin=\u00bb26px|||||\u00bb custom_margin_tablet=\u00bb0px|||\u00bb custom_margin_last_edited=\u00bboff|desktop\u00bb custom_padding=\u00bb8px|24px|14px|24px||\u00bb animation_style=\u00bbfade\u00bb button_text_size__hover_enabled=\u00bboff\u00bb button_one_text_size__hover_enabled=\u00bboff\u00bb button_two_text_size__hover_enabled=\u00bboff\u00bb button_text_color__hover_enabled=\u00bboff\u00bb button_one_text_color__hover_enabled=\u00bboff\u00bb button_two_text_color__hover_enabled=\u00bboff\u00bb button_border_width__hover_enabled=\u00bboff\u00bb button_one_border_width__hover_enabled=\u00bboff\u00bb button_two_border_width__hover_enabled=\u00bboff\u00bb button_border_color__hover_enabled=\u00bboff\u00bb button_one_border_color__hover_enabled=\u00bboff\u00bb button_two_border_color__hover_enabled=\u00bboff\u00bb button_border_radius__hover_enabled=\u00bboff\u00bb button_one_border_radius__hover_enabled=\u00bboff\u00bb button_two_border_radius__hover_enabled=\u00bboff\u00bb button_letter_spacing__hover_enabled=\u00bboff\u00bb button_one_letter_spacing__hover_enabled=\u00bboff\u00bb button_two_letter_spacing__hover_enabled=\u00bboff\u00bb button_bg_color__hover_enabled=\u00bboff\u00bb button_one_bg_color__hover_enabled=\u00bboff\u00bb button_two_bg_color__hover_enabled=\u00bboff\u00bb][\/et_pb_button][et_pb_button button_url=\u00bbhttps:\/\/vt.tiktok.com\/ZSHoBwPm2Gyth-16p7Z\/\u00bb button_text=\u00bbComprar en Tik tok Shop\u00bb button_alignment=\u00bbcenter\u00bb disabled_on=\u00bboff|off|on\u00bb module_id=\u00bbbotoncompra2&#8243; module_class=\u00bbbotonc2&#8243; _builder_version=\u00bb4.9.7&#8243; custom_button=\u00bbon\u00bb button_text_size=\u00bb14px\u00bb button_text_color=\u00bb#FFFFFF\u00bb button_bg_color=\u00bb#000000&#8243; button_border_width=\u00bb0px\u00bb button_border_radius=\u00bb80px\u00bb button_font=\u00bbNunito|700||on|||||\u00bb button_use_icon=\u00bboff\u00bb custom_margin=\u00bb26px|||||\u00bb custom_margin_tablet=\u00bb0px|||\u00bb custom_margin_last_edited=\u00bboff|desktop\u00bb custom_padding=\u00bb8px|24px|14px|24px||\u00bb animation_style=\u00bbfade\u00bb button_text_size__hover_enabled=\u00bboff\u00bb button_one_text_size__hover_enabled=\u00bboff\u00bb button_two_text_size__hover_enabled=\u00bboff\u00bb button_text_color__hover_enabled=\u00bboff\u00bb button_one_text_color__hover_enabled=\u00bboff\u00bb button_two_text_color__hover_enabled=\u00bboff\u00bb button_border_width__hover_enabled=\u00bboff\u00bb button_one_border_width__hover_enabled=\u00bboff\u00bb button_two_border_width__hover_enabled=\u00bboff\u00bb button_border_color__hover_enabled=\u00bboff\u00bb button_one_border_color__hover_enabled=\u00bboff\u00bb button_two_border_color__hover_enabled=\u00bboff\u00bb button_border_radius__hover_enabled=\u00bboff\u00bb button_one_border_radius__hover_enabled=\u00bboff\u00bb button_two_border_radius__hover_enabled=\u00bboff\u00bb button_letter_spacing__hover_enabled=\u00bboff\u00bb button_one_letter_spacing__hover_enabled=\u00bboff\u00bb button_two_letter_spacing__hover_enabled=\u00bboff\u00bb button_bg_color__hover_enabled=\u00bboff\u00bb button_one_bg_color__hover_enabled=\u00bboff\u00bb button_two_bg_color__hover_enabled=\u00bboff\u00bb][\/et_pb_button][\/et_pb_column][\/et_pb_row][\/et_pb_section]<\/p>\n","protected":false},"excerpt":{"rendered":"<p>[et_pb_section fb_built=\u00bb1&#8243; admin_label=\u00bbFeature\u00bb _builder_version=\u00bb4.9.7&#8243; background_color=\u00bb#f0dcb9&#8243; background_enable_image=\u00bboff\u00bb background_size=\u00bbinitial\u00bb min_height=\u00bb589.4px\u00bb custom_margin=\u00bb||-11px|||\u00bb custom_padding=\u00bb38px||5px|||\u00bb][et_pb_row column_structure=\u00bb2_5,3_5&#8243; _builder_version=\u00bb4.9.7&#8243; min_height=\u00bb497.8px\u00bb custom_margin=\u00bb|||\u00bb custom_padding=\u00bb||42px|||\u00bb animation_style=\u00bbfade\u00bb][et_pb_column type=\u00bb2_5&#8243; _builder_version=\u00bb3.25&#8243; custom_padding=\u00bb|||\u00bb custom_padding__hover=\u00bb|||\u00bb][et_pb_text _builder_version=\u00bb4.9.7&#8243; text_font=\u00bb||||||||\u00bb text_text_color=\u00bb#FFFFFF\u00bb header_font=\u00bb||||||||\u00bb header_text_color=\u00bb#262f71&#8243; header_2_font=\u00bbFredoka One||||||||\u00bb header_2_text_color=\u00bb#262f71&#8243; header_2_font_size=\u00bb46px\u00bb header_2_line_height=\u00bb1.3em\u00bb custom_margin=\u00bb||-4px|||\u00bb custom_padding=\u00bb||4px|||\u00bb animation_style=\u00bbslide\u00bb animation_direction=\u00bbtop\u00bb animation_intensity_slide=\u00bb5%\u00bb animation_starting_opacity=\u00bb100%\u00bb] Menos \u201c\u00bfqu\u00e9 hacemos?\u201d, m\u00e1s citas. [\/et_pb_text][et_pb_text _builder_version=\u00bb4.9.7&#8243; text_font=\u00bbNunito||||||||\u00bb text_font_size=\u00bb18px\u00bb text_line_height=\u00bb1.8em\u00bb min_height=\u00bb58px\u00bb animation_style=\u00bbslide\u00bb animation_direction=\u00bbtop\u00bb animation_intensity_slide=\u00bb5%\u00bb animation_starting_opacity=\u00bb100%\u00bb] Un detalle pensado para [&hellip;]<\/p>\n","protected":false},"author":1,"featured_media":0,"parent":0,"menu_order":0,"comment_status":"closed","ping_status":"closed","template":"","meta":{"_et_pb_use_builder":"on","_et_pb_old_content":"","_et_gb_content_width":"","footnotes":""},"class_list":["post-657","page","type-page","status-publish","hentry"],"jetpack_sharing_enabled":true,"_links":{"self":[{"href":"https:\/\/queridoaguacate.com\/index.php\/wp-json\/wp\/v2\/pages\/657","targetHints":{"allow":["GET"]}}],"collection":[{"href":"https:\/\/queridoaguacate.com\/index.php\/wp-json\/wp\/v2\/pages"}],"about":[{"href":"https:\/\/queridoaguacate.com\/index.php\/wp-json\/wp\/v2\/types\/page"}],"author":[{"embeddable":true,"href":"https:\/\/queridoaguacate.com\/index.php\/wp-json\/wp\/v2\/users\/1"}],"replies":[{"embeddable":true,"href":"https:\/\/queridoaguacate.com\/index.php\/wp-json\/wp\/v2\/comments?post=657"}],"version-history":[{"count":12,"href":"https:\/\/queridoaguacate.com\/index.php\/wp-json\/wp\/v2\/pages\/657\/revisions"}],"predecessor-version":[{"id":695,"href":"https:\/\/queridoaguacate.com\/index.php\/wp-json\/wp\/v2\/pages\/657\/revisions\/695"}],"wp:attachment":[{"href":"https:\/\/queridoaguacate.com\/index.php\/wp-json\/wp\/v2\/media?parent=657"}],"curies":[{"name":"wp","href":"https:\/\/api.w.org\/{rel}","templated":true}]}}